{"id":752,"date":"2026-03-13T18:23:11","date_gmt":"2026-03-13T17:23:11","guid":{"rendered":"https:\/\/www.bufetecontestigarau.com\/equipo\/joan-contesti-segui\/"},"modified":"2026-04-08T17:32:44","modified_gmt":"2026-04-08T15:32:44","slug":"joan-contesti-segui","status":"publish","type":"equipo","link":"https:\/\/www.bufetecontestigarau.com\/ca\/equipo\/joan-contesti-segui\/","title":{"rendered":"JOAN CONTEST\u00cd SEGU\u00cd"},"content":{"rendered":"\n<p>Advocat exercent a l&#8217;Il\u00b7lustre Col\u00b7legi d&#8217;Advocats de les Illes Balears (ICAIB), amb m\u00e9s de 25 anys d&#8217;experi\u00e8ncia i soci fundador de <strong>CONTEST\u00cd &amp; GARAU.<\/strong><\/p>\n\n<p>Llicenciat en Dret per la Universitat de Navarra. M\u00e0ster en Assessoria Jur\u00eddica d&#8217;Empresa (MAJ) i Master in Business Administration (MBA), per l&#8217;Instituto de Empresa (IE). <\/p>\n\n<p>La meva traject\u00f2ria professional s&#8217;ha desenvolupat a Ernst &amp; Young, al departament jur\u00eddic del Grup Iberostar i com a soci a Roca Junyent.<\/p>\n\n<p>Especialitzat en dret mercantil, societari, civil, contractual, administratiu i urban\u00edstic.<\/p>\n\n<p>Assisteixo de forma habitual empreses i particulars nacionals i internacionals, com a assessor conseller en una relaci\u00f3 a llarg termini, especialment en els sectors tur\u00edstic, immobiliari i d&#8217;inversi\u00f3 estrangera, actuant tamb\u00e9 com a secretari del consell d&#8217;administraci\u00f3 i lletrat assessor de diverses companyies.<\/p>\n\n<p>Compto amb experi\u00e8ncia en gesti\u00f3 de conflictes i litigaci\u00f3 civil, mercantil i contenciosa administrativa. He estat designat en m\u00faltiples ocasions com a administrador concursal pels jutjats de Palma, participant en processos de reestructuraci\u00f3 empresarial i gesti\u00f3 patrimonial. <br\/><br\/>Compagino l&#8217;exercici professional amb la doc\u00e8ncia universit\u00e0ria, com a professor associat a la Universitat de les Illes Balears, en les \u00e0rees de dret de societats, contractaci\u00f3 tur\u00edstica i comer\u00e7 internacional, i com a tutor del Treball de Fi de M\u00e0ster del M\u00e0ster d&#8217;Advocacia (ICAIB\u2013UIB).<\/p>\n","protected":false},"featured_media":756,"template":"","meta":{"_acf_changed":false},"class_list":["post-752","equipo","type-equipo","status-publish","has-post-thumbnail","hentry"],"acf":[],"_links":{"self":[{"href":"https:\/\/www.bufetecontestigarau.com\/ca\/wp-json\/wp\/v2\/equipo\/752","targetHints":{"allow":["GET"]}}],"collection":[{"href":"https:\/\/www.bufetecontestigarau.com\/ca\/wp-json\/wp\/v2\/equipo"}],"about":[{"href":"https:\/\/www.bufetecontestigarau.com\/ca\/wp-json\/wp\/v2\/types\/equipo"}],"version-history":[{"count":1,"href":"https:\/\/www.bufetecontestigarau.com\/ca\/wp-json\/wp\/v2\/equipo\/752\/revisions"}],"predecessor-version":[{"id":763,"href":"https:\/\/www.bufetecontestigarau.com\/ca\/wp-json\/wp\/v2\/equipo\/752\/revisions\/763"}],"wp:featuredmedia":[{"embeddable":true,"href":"https:\/\/www.bufetecontestigarau.com\/ca\/wp-json\/wp\/v2\/media\/756"}],"wp:attachment":[{"href":"https:\/\/www.bufetecontestigarau.com\/ca\/wp-json\/wp\/v2\/media?parent=752"}],"curies":[{"name":"wp","href":"https:\/\/api.w.org\/{rel}","templated":true}]}}

JOAN CONTESTÍ SEGUÍ

<p>Advocat exercent a l&#8217;Il·lustre Col·legi d&#8217;Advocats de les Illes Balears (ICAIB), amb més de 25 anys d&#8217;experiència i soci fundador de <strong>CONTESTÍ &amp; GARAU.</strong></p>

<p>Llicenciat en Dret per la Universitat de Navarra. Màster en Assessoria Jurídica d&#8217;Empresa (MAJ) i Master in Business Administration (MBA), per l&#8217;Instituto de Empresa (IE). </p>

<p>La meva trajectòria professional s&#8217;ha desenvolupat a Ernst &amp; Young, al departament jurídic del Grup Iberostar i com a soci a Roca Junyent.</p>

<p>Especialitzat en dret mercantil, societari, civil, contractual, administratiu i urbanístic.</p>

<p>Assisteixo de forma habitual empreses i particulars nacionals i internacionals, com a assessor conseller en una relació a llarg termini, especialment en els sectors turístic, immobiliari i d&#8217;inversió estrangera, actuant també com a secretari del consell d&#8217;administració i lletrat assessor de diverses companyies.</p>

<p>Compto amb experiència en gestió de conflictes i litigació civil, mercantil i contenciosa administrativa. He estat designat en múltiples ocasions com a administrador concursal pels jutjats de Palma, participant en processos de reestructuració empresarial i gestió patrimonial. <br/><br/>Compagino l&#8217;exercici professional amb la docència universitària, com a professor associat a la Universitat de les Illes Balears, en les àrees de dret de societats, contractació turística i comerç internacional, i com a tutor del Treball de Fi de Màster del Màster d&#8217;Advocacia (ICAIB–UIB).</p>
