{"id":782,"date":"2026-03-14T07:22:29","date_gmt":"2026-03-14T06:22:29","guid":{"rendered":"https:\/\/www.bufetecontestigarau.com\/equipo\/sergio-zaragoza-fernandez\/"},"modified":"2026-04-08T17:33:21","modified_gmt":"2026-04-08T15:33:21","slug":"sergio-zaragoza-fernandez","status":"publish","type":"equipo","link":"https:\/\/www.bufetecontestigarau.com\/ca\/equipo\/sergio-zaragoza-fernandez\/","title":{"rendered":"SERGIO ZARAGOZA FERNANDEZ"},"content":{"rendered":"\n<p>Graduat en Dret per la Universitat de les Illes Balears (2015), vaig completar la meva formaci\u00f3 amb el M\u00e0ster d&#8217;Acc\u00e9s a l&#8217;Advocacia (2016) i el M\u00e0ster en Dret de Societats per la Fundaci\u00f3 Universitat Empresa \u2013 UIB (2016). S\u00f3c advocat exercent a l&#8217;Il\u00b7lustre Col\u00b7legi d&#8217;Advocats de les Illes Balears. Em vaig incorporar al Bufete Contest\u00ed &amp; Garau l&#8217;abril de 2016, desenvolupant la meva activitat professional en les \u00e0rees de dret civil, mercantil i concursal. Des d&#8217;aleshores assessoro de forma continuada empreses i particulars, intervenint tant en la fase preventiva com contenciosa dels conflictes jur\u00eddics.   <br\/><br\/><\/p>\n\n<p>Compto amb \u00e0mplia experi\u00e8ncia en dret processal, especialment en reclamacions de quantitat, arrendaments urbans, propietat horitzontal, desnonaments, responsabilitat civil contractual i extracontractual, vicis constructius i procediments sobre la capacitat de les persones. Intervingu\u00ed de forma habitual en la tramitaci\u00f3 d&#8217;her\u00e8ncies, contractaci\u00f3 civil, compravenda d&#8217;immobles, drets reals, obligacions i contractes, aix\u00ed com en procediments d&#8217;inmatriculaci\u00f3 i adequaci\u00f3 registral i cadastral d&#8217;immobles.<br\/><br\/><\/p>\n\n<p>Estic especialitzat en dret concursal, actuant com a administrador concursal a la circumscripci\u00f3 de Balears, aix\u00ed com advocat instant de concursos de creditors i procediments de Llei de Segona Oportunitat. Aix\u00ed mateix, exerceixo com a p\u00e8rit <\/p>\n\n<p>comptador-partidor en divisions judicials d&#8217;her\u00e8ncies.<br\/><br\/><\/p>\n\n<p>Desenvolupo tamb\u00e9 la meva activitat en l&#8217;\u00e0mbit mercantil, assessorant en responsabilitat d&#8217;administradors, contractaci\u00f3 mercantil, dret societari, procediments cambiaris i portada de llibres societaris, aix\u00ed com en prevenci\u00f3 del blanqueig de capitals.<\/p>\n\n<p>Compagino l&#8217;exercici professional amb l&#8217;activitat acad\u00e8mica com a professor-tutor<\/p>\n","protected":false},"featured_media":760,"template":"","meta":{"_acf_changed":false},"class_list":["post-782","equipo","type-equipo","status-publish","has-post-thumbnail","hentry"],"acf":[],"_links":{"self":[{"href":"https:\/\/www.bufetecontestigarau.com\/ca\/wp-json\/wp\/v2\/equipo\/782","targetHints":{"allow":["GET"]}}],"collection":[{"href":"https:\/\/www.bufetecontestigarau.com\/ca\/wp-json\/wp\/v2\/equipo"}],"about":[{"href":"https:\/\/www.bufetecontestigarau.com\/ca\/wp-json\/wp\/v2\/types\/equipo"}],"version-history":[{"count":1,"href":"https:\/\/www.bufetecontestigarau.com\/ca\/wp-json\/wp\/v2\/equipo\/782\/revisions"}],"predecessor-version":[{"id":783,"href":"https:\/\/www.bufetecontestigarau.com\/ca\/wp-json\/wp\/v2\/equipo\/782\/revisions\/783"}],"wp:featuredmedia":[{"embeddable":true,"href":"https:\/\/www.bufetecontestigarau.com\/ca\/wp-json\/wp\/v2\/media\/760"}],"wp:attachment":[{"href":"https:\/\/www.bufetecontestigarau.com\/ca\/wp-json\/wp\/v2\/media?parent=782"}],"curies":[{"name":"wp","href":"https:\/\/api.w.org\/{rel}","templated":true}]}}

<p>Graduat en Dret per la Universitat de les Illes Balears (2015), vaig completar la meva formació amb el Màster d&#8217;Accés a l&#8217;Advocacia (2016) i el Màster en Dret de Societats per la Fundació Universitat Empresa – UIB (2016). Sóc advocat exercent a l&#8217;Il·lustre Col·legi d&#8217;Advocats de les Illes Balears. Em vaig incorporar al Bufete Contestí &amp; Garau l&#8217;abril de 2016, desenvolupant la meva activitat professional en les àrees de dret civil, mercantil i concursal. Des d&#8217;aleshores assessoro de forma continuada empreses i particulars, intervenint tant en la fase preventiva com contenciosa dels conflictes jurídics.   <br/><br/></p>

<p>Compto amb àmplia experiència en dret processal, especialment en reclamacions de quantitat, arrendaments urbans, propietat horitzontal, desnonaments, responsabilitat civil contractual i extracontractual, vicis constructius i procediments sobre la capacitat de les persones. Intervinguí de forma habitual en la tramitació d&#8217;herències, contractació civil, compravenda d&#8217;immobles, drets reals, obligacions i contractes, així com en procediments d&#8217;inmatriculació i adequació registral i cadastral d&#8217;immobles.<br/><br/></p>

<p>Estic especialitzat en dret concursal, actuant com a administrador concursal a la circumscripció de Balears, així com advocat instant de concursos de creditors i procediments de Llei de Segona Oportunitat. Així mateix, exerceixo com a pèrit </p>

<p>comptador-partidor en divisions judicials d&#8217;herències.<br/><br/></p>

<p>Desenvolupo també la meva activitat en l&#8217;àmbit mercantil, assessorant en responsabilitat d&#8217;administradors, contractació mercantil, dret societari, procediments cambiaris i portada de llibres societaris, així com en prevenció del blanqueig de capitals.</p>

<p>Compagino l&#8217;exercici professional amb l&#8217;activitat acadèmica com a professor-tutor</p>
