{"id":921,"date":"2026-03-14T07:23:55","date_gmt":"2026-03-14T06:23:55","guid":{"rendered":"https:\/\/www.bufetecontestigarau.com\/equipo\/barbara-sancho-lliteras\/"},"modified":"2026-04-08T17:38:05","modified_gmt":"2026-04-08T15:38:05","slug":"barbara-sancho-lliteras","status":"publish","type":"equipo","link":"https:\/\/www.bufetecontestigarau.com\/ca\/equipo\/barbara-sancho-lliteras\/","title":{"rendered":"BARBARA SANCHO LLITERAS"},"content":{"rendered":"\n<p>Advocada exercint a l\u2019Il\u00b7lustre Col\u00b7legi d\u2019Advocats de les Illes Balears (ICAIB), amb m\u00e9s de 20 anys d\u2019experi\u00e8ncia.<br\/><br\/><\/p>\n\n<p>Despr\u00e9s del meu pas com a advocada en dos grans bufets d\u2019advocats de Palma, compto amb una \u00e0mplia experi\u00e8ncia especialitzada en dret de fam\u00edlia, civil i immobiliari.<\/p>\n\n<p>Tamb\u00e9 desenvolupo la meva activitat en l\u2019\u00e0rea del dret de danys i responsabilitat civil, bancari i administratiu.<br\/><br\/><\/p>\n","protected":false},"featured_media":754,"template":"","meta":{"_acf_changed":false},"class_list":["post-921","equipo","type-equipo","status-publish","has-post-thumbnail","hentry"],"acf":[],"_links":{"self":[{"href":"https:\/\/www.bufetecontestigarau.com\/ca\/wp-json\/wp\/v2\/equipo\/921","targetHints":{"allow":["GET"]}}],"collection":[{"href":"https:\/\/www.bufetecontestigarau.com\/ca\/wp-json\/wp\/v2\/equipo"}],"about":[{"href":"https:\/\/www.bufetecontestigarau.com\/ca\/wp-json\/wp\/v2\/types\/equipo"}],"version-history":[{"count":1,"href":"https:\/\/www.bufetecontestigarau.com\/ca\/wp-json\/wp\/v2\/equipo\/921\/revisions"}],"predecessor-version":[{"id":922,"href":"https:\/\/www.bufetecontestigarau.com\/ca\/wp-json\/wp\/v2\/equipo\/921\/revisions\/922"}],"wp:featuredmedia":[{"embeddable":true,"href":"https:\/\/www.bufetecontestigarau.com\/ca\/wp-json\/wp\/v2\/media\/754"}],"wp:attachment":[{"href":"https:\/\/www.bufetecontestigarau.com\/ca\/wp-json\/wp\/v2\/media?parent=921"}],"curies":[{"name":"wp","href":"https:\/\/api.w.org\/{rel}","templated":true}]}}

<p>Advocada exercint a l’Il·lustre Col·legi d’Advocats de les Illes Balears (ICAIB), amb més de 20 anys d’experiència.<br/><br/></p>

<p>Després del meu pas com a advocada en dos grans bufets d’advocats de Palma, compto amb una àmplia experiència especialitzada en dret de família, civil i immobiliari.</p>

<p>També desenvolupo la meva activitat en l’àrea del dret de danys i responsabilitat civil, bancari i administratiu.<br/><br/></p>
