{"id":776,"date":"2026-03-14T07:22:29","date_gmt":"2026-03-14T06:22:29","guid":{"rendered":"https:\/\/www.bufetecontestigarau.com\/equipo\/sergio-zaragoza-fernandez\/"},"modified":"2026-04-08T17:33:02","modified_gmt":"2026-04-08T15:33:02","slug":"sergio-zaragoza-fernandez","status":"publish","type":"equipo","link":"https:\/\/www.bufetecontestigarau.com\/de\/equipo\/sergio-zaragoza-fernandez\/","title":{"rendered":"SERGIO ZARAGOZA FERNANDEZ"},"content":{"rendered":"\n<p>Ich habe meinen Abschluss in Rechtswissenschaften an der Universit\u00e4t der Balearen (2015) erworben und meine Ausbildung mit dem Master f\u00fcr den Zugang zur Anwaltschaft (2016) sowie dem Master in Gesellschaftsrecht der Fundaci\u00f3n Universitat Empresa \u2013 UIB (2016) abgeschlossen. Ich bin als Rechtsanwalt bei der Anwaltskammer der Balearen zugelassen. Ich bin dem Bufete Contest\u00ed &amp; Garau im April 2016 beigetreten und \u00fcbe meine berufliche T\u00e4tigkeit in den Bereichen Zivil-, Handels- und Insolvenzrecht aus. Seitdem berate ich kontinuierlich Unternehmen und Privatpersonen und bin sowohl in der pr\u00e4ventiven als auch in der streitigen Phase von Rechtsstreitigkeiten t\u00e4tig.   <br\/><br\/><\/p>\n\n<p>Ich verf\u00fcge \u00fcber umfangreiche Erfahrung im Prozessrecht, insbesondere bei Forderungsklagen, st\u00e4dtischen Mietverh\u00e4ltnissen, Wohnungseigentum, R\u00e4umungen, vertraglicher und au\u00dfervertraglicher zivilrechtlicher Haftung, Baum\u00e4ngeln und Verfahren zur Gesch\u00e4ftsf\u00e4higkeit von Personen. Ich bin regelm\u00e4\u00dfig in der Abwicklung von Erbschaften, Zivilvertr\u00e4gen, Immobilienkauf und -verkauf, Sachenrechten, Schuldverh\u00e4ltnissen und Vertr\u00e4gen sowie in Verfahren zur Eintragung und Anpassung von Immobilien im Grundbuch und Kataster t\u00e4tig.<br\/><br\/><\/p>\n\n<p>Ich bin auf Insolvenzrecht spezialisiert und fungiere als Insolvenzverwalter im Bezirk der Balearen sowie als Rechtsanwalt in Insolvenzverfahren und Verfahren nach dem Gesetz \u00fcber die zweite Chance. Dar\u00fcber hinaus bin ich als Sachverst\u00e4ndiger t\u00e4tig. <\/p>\n\n<p>Testamentsvollstrecker bei gerichtlichen Erbschaftsteilungen.<br\/><br\/><\/p>\n\n<p>Ich bin auch im Handelsrecht t\u00e4tig und berate in Fragen der Haftung von Gesch\u00e4ftsf\u00fchrern, Handelsvertr\u00e4gen, Gesellschaftsrecht, Wechselverfahren und F\u00fchrung von Gesellschaftsb\u00fcchern sowie in der Geldw\u00e4schepr\u00e4vention.<\/p>\n\n<p>Ich verbinde meine berufliche T\u00e4tigkeit mit der akademischen Arbeit als Dozent und Tutor.<\/p>\n","protected":false},"featured_media":777,"template":"","meta":{"_acf_changed":false},"class_list":["post-776","equipo","type-equipo","status-publish","has-post-thumbnail","hentry"],"acf":[],"_links":{"self":[{"href":"https:\/\/www.bufetecontestigarau.com\/de\/wp-json\/wp\/v2\/equipo\/776","targetHints":{"allow":["GET"]}}],"collection":[{"href":"https:\/\/www.bufetecontestigarau.com\/de\/wp-json\/wp\/v2\/equipo"}],"about":[{"href":"https:\/\/www.bufetecontestigarau.com\/de\/wp-json\/wp\/v2\/types\/equipo"}],"version-history":[{"count":1,"href":"https:\/\/www.bufetecontestigarau.com\/de\/wp-json\/wp\/v2\/equipo\/776\/revisions"}],"predecessor-version":[{"id":778,"href":"https:\/\/www.bufetecontestigarau.com\/de\/wp-json\/wp\/v2\/equipo\/776\/revisions\/778"}],"wp:featuredmedia":[{"embeddable":true,"href":"https:\/\/www.bufetecontestigarau.com\/de\/wp-json\/wp\/v2\/media\/777"}],"wp:attachment":[{"href":"https:\/\/www.bufetecontestigarau.com\/de\/wp-json\/wp\/v2\/media?parent=776"}],"curies":[{"name":"wp","href":"https:\/\/api.w.org\/{rel}","templated":true}]}}

<p>Ich habe meinen Abschluss in Rechtswissenschaften an der Universität der Balearen (2015) erworben und meine Ausbildung mit dem Master für den Zugang zur Anwaltschaft (2016) sowie dem Master in Gesellschaftsrecht der Fundación Universitat Empresa – UIB (2016) abgeschlossen. Ich bin als Rechtsanwalt bei der Anwaltskammer der Balearen zugelassen. Ich bin dem Bufete Contestí &amp; Garau im April 2016 beigetreten und übe meine berufliche Tätigkeit in den Bereichen Zivil-, Handels- und Insolvenzrecht aus. Seitdem berate ich kontinuierlich Unternehmen und Privatpersonen und bin sowohl in der präventiven als auch in der streitigen Phase von Rechtsstreitigkeiten tätig.   <br/><br/></p>

<p>Ich verfüge über umfangreiche Erfahrung im Prozessrecht, insbesondere bei Forderungsklagen, städtischen Mietverhältnissen, Wohnungseigentum, Räumungen, vertraglicher und außervertraglicher zivilrechtlicher Haftung, Baumängeln und Verfahren zur Geschäftsfähigkeit von Personen. Ich bin regelmäßig in der Abwicklung von Erbschaften, Zivilverträgen, Immobilienkauf und -verkauf, Sachenrechten, Schuldverhältnissen und Verträgen sowie in Verfahren zur Eintragung und Anpassung von Immobilien im Grundbuch und Kataster tätig.<br/><br/></p>

<p>Ich bin auf Insolvenzrecht spezialisiert und fungiere als Insolvenzverwalter im Bezirk der Balearen sowie als Rechtsanwalt in Insolvenzverfahren und Verfahren nach dem Gesetz über die zweite Chance. Darüber hinaus bin ich als Sachverständiger tätig. </p>

<p>Testamentsvollstrecker bei gerichtlichen Erbschaftsteilungen.<br/><br/></p>

<p>Ich bin auch im Handelsrecht tätig und berate in Fragen der Haftung von Geschäftsführern, Handelsverträgen, Gesellschaftsrecht, Wechselverfahren und Führung von Gesellschaftsbüchern sowie in der Geldwäscheprävention.</p>

<p>Ich verbinde meine berufliche Tätigkeit mit der akademischen Arbeit als Dozent und Tutor.</p>
