{"id":779,"date":"2026-03-14T06:57:18","date_gmt":"2026-03-14T05:57:18","guid":{"rendered":"https:\/\/www.bufetecontestigarau.com\/equipo\/pedro-garau-fortuny\/"},"modified":"2026-04-08T17:33:11","modified_gmt":"2026-04-08T15:33:11","slug":"pedro-garau-fortuny","status":"publish","type":"equipo","link":"https:\/\/www.bufetecontestigarau.com\/de\/equipo\/pedro-garau-fortuny\/","title":{"rendered":"PEDRO GARAU FORTUNY"},"content":{"rendered":"\n<p>Seit dem Jahr 2000 praktizierender Rechtsanwalt bei der Rechtsanwaltskammer der Balearen (ICAIB) und Gr\u00fcndungspartner von <strong>CONTEST\u00cd &amp; GARAU<\/strong>, mit einer fundierten Laufbahn im Zivil-, Handels- und Insolvenzrecht.<br\/><br\/><\/p>\n\n<p>Meine berufliche Karriere begann in der Familienkanzlei Garau Abogados, wo ich \u00fcber f\u00fcnfzehn Jahre lang in den Bereichen Tourismusrecht, Hotelvertr\u00e4ge, touristische Vermietung sowie in der Rechtsberatung f\u00fcr Unternehmen des Tourismus- und Wirtschaftssektors t\u00e4tig war. Seit 2003 arbeite ich als Anwalt f\u00fcr Cr\u00e9dito y Cauci\u00f3n S.A., einem f\u00fchrenden Kreditversicherungsunternehmen, zusammen und verf\u00fcge \u00fcber umfassende Erfahrung in der Forderungsbeitreibung, dem Management von Handelskonflikten und gerichtlichen Verfahren in all ihren Phasen. <br\/><br\/><\/p>\n\n<p>Ich berate regelm\u00e4\u00dfig Unternehmen und Privatpersonen in Zivil-, Gesellschafts-, Immobilien- und Handelsangelegenheiten und biete eine umfassende rechtliche Begleitung sowie auf den Einzelfall zugeschnittene L\u00f6sungen. Ich wurde bereits mehrfach von den Handelsgerichten der Balearen zum Insolvenzverwalter sowie zum Nachlassteilungsbeauftragten in Erbschaftsverfahren bestellt und wirke aktiv an Unternehmensumstrukturierungen und der Verm\u00f6gensverwaltung mit. <br\/><br\/><\/p>\n\n<p>Meine berufliche Praxis verbindet die Prozessf\u00fchrung im Zivil- und Handelsrecht mit der kontinuierlichen Beratung von Unternehmen, stets mit einem praktischen, pr\u00e4zisen und ergebnisorientierten Ansatz.<br\/><br\/><\/p>\n","protected":false},"featured_media":780,"template":"","meta":{"_acf_changed":false},"class_list":["post-779","equipo","type-equipo","status-publish","has-post-thumbnail","hentry"],"acf":[],"_links":{"self":[{"href":"https:\/\/www.bufetecontestigarau.com\/de\/wp-json\/wp\/v2\/equipo\/779","targetHints":{"allow":["GET"]}}],"collection":[{"href":"https:\/\/www.bufetecontestigarau.com\/de\/wp-json\/wp\/v2\/equipo"}],"about":[{"href":"https:\/\/www.bufetecontestigarau.com\/de\/wp-json\/wp\/v2\/types\/equipo"}],"version-history":[{"count":1,"href":"https:\/\/www.bufetecontestigarau.com\/de\/wp-json\/wp\/v2\/equipo\/779\/revisions"}],"predecessor-version":[{"id":781,"href":"https:\/\/www.bufetecontestigarau.com\/de\/wp-json\/wp\/v2\/equipo\/779\/revisions\/781"}],"wp:featuredmedia":[{"embeddable":true,"href":"https:\/\/www.bufetecontestigarau.com\/de\/wp-json\/wp\/v2\/media\/780"}],"wp:attachment":[{"href":"https:\/\/www.bufetecontestigarau.com\/de\/wp-json\/wp\/v2\/media?parent=779"}],"curies":[{"name":"wp","href":"https:\/\/api.w.org\/{rel}","templated":true}]}}

<p>Seit dem Jahr 2000 praktizierender Rechtsanwalt bei der Rechtsanwaltskammer der Balearen (ICAIB) und Gründungspartner von <strong>CONTESTÍ &amp; GARAU</strong>, mit einer fundierten Laufbahn im Zivil-, Handels- und Insolvenzrecht.<br/><br/></p>

<p>Meine berufliche Karriere begann in der Familienkanzlei Garau Abogados, wo ich über fünfzehn Jahre lang in den Bereichen Tourismusrecht, Hotelverträge, touristische Vermietung sowie in der Rechtsberatung für Unternehmen des Tourismus- und Wirtschaftssektors tätig war. Seit 2003 arbeite ich als Anwalt für Crédito y Caución S.A., einem führenden Kreditversicherungsunternehmen, zusammen und verfüge über umfassende Erfahrung in der Forderungsbeitreibung, dem Management von Handelskonflikten und gerichtlichen Verfahren in all ihren Phasen. <br/><br/></p>

<p>Ich berate regelmäßig Unternehmen und Privatpersonen in Zivil-, Gesellschafts-, Immobilien- und Handelsangelegenheiten und biete eine umfassende rechtliche Begleitung sowie auf den Einzelfall zugeschnittene Lösungen. Ich wurde bereits mehrfach von den Handelsgerichten der Balearen zum Insolvenzverwalter sowie zum Nachlassteilungsbeauftragten in Erbschaftsverfahren bestellt und wirke aktiv an Unternehmensumstrukturierungen und der Vermögensverwaltung mit. <br/><br/></p>

<p>Meine berufliche Praxis verbindet die Prozessführung im Zivil- und Handelsrecht mit der kontinuierlichen Beratung von Unternehmen, stets mit einem praktischen, präzisen und ergebnisorientierten Ansatz.<br/><br/></p>
